**2 - h + 6. Let g be z(8). Calculate the highest common divisor of 42 and g.
42
Suppose 4*i + 4*z = 44, 0 = 5*i - 5*z - 20 - 45. Calculate the greatest common factor of 84 and i.
12
Let d be (-79)/(-5) - (-1)/5. Let r = 2 - -14. What is the highest common divisor of d and r?
16
Suppose 0 = -2*v - z + 64, -4*z - 84 = -2*v - 0*z. Let p = -4 + v. Calculate the greatest common divisor of p and 75.
15
Let f be (-1 - 0/(-3)) + 4. Calculate the highest common factor of 3 and f.
3
Suppose -2*b - 5*r = 2*b, -2*b = 4*r. Suppose 4*g = 3*w + 120, 2*w + b*w = -3*g + 107. Calculate the highest common factor of g and 3.
3
Suppose 2*q = 3*q. Suppose 0 = -l + 2*d + 7, -l + 1 = -q*l + 4*d. Let h be 14/5*l/2. Calculate the greatest common divisor of 21 and h.
7
Let h(w) = -w**3 - 3*w**2 + 9*w - 3. Let d be h(-5). Let f be 2/6 - 24/(-9). Calculate the greatest common divisor of f and d.
1
Let f be ((-3)/6)/(3/30). Let z = f + 6. Let h = 26 - 18. What is the highest common divisor of z and h?
1
Let d be 26/91 + 138/7. Calculate the highest common factor of 100 and d.
20
Let l be 20/(0 - 5/(-40)). What is the highest common factor of l and 20?
20
Let w(z) = -z**3 + 9*z**2 - 8*z + 3. Let q be w(8). Suppose -4*d + 12 = q*x, 5*x - d = -24 + 67. Calculate the greatest common factor of 56 and x.
8
Let t be 2/6 + 66/18. Suppose 4*w = -w - t*n + 69, -w + 10 = -3*n. What is the highest common divisor of 13 and w?
13
Let o be (-4)/6*(-9)/2. Suppose 8*j - o*j = 40. Let n be (2/(-4))/(2/(-16)). Calculate the greatest common factor of j and n.
4
Let v be (3 - -3)*5/2. Suppose -2*q = 3*q - v. Let k be 8/q - 4/6. What is the greatest common factor of k and 14?
2
Let f be (-2)/(-10) + (-13824)/(-180). Suppose 4*d + 13 = -5*q + 57, -5*q = 2*d - 22. Calculate the highest common divisor of f and d.
11
Let q = 187 - 117. What is the greatest common factor of q and 10?
10
Let u be 116/10 - (-4)/10. Suppose -y - 3*y + 58 = 2*a, -4*a = 4*y - 64. Let g = 5 + y. Calculate the greatest common divisor of u and g.
6
Let p be ((-6)/18)/(2/(-12)). Let u(i) = i**2 + 1. Let g be u(2). Suppose p*z + 1 = g. Calculate the highest common divisor of z and 4.
2
Let c(g) = 234*g + 6. Let d be c(6). Let j be d/6 + 2/(-2). What is the highest common factor of j and 26?
26
Let b = 11 + -9. Let v = -1 + b. Suppose 2*j - 13 + 3 = 0. Calculate the greatest common divisor of v and j.
1
Let v(q) = -2*q - 1. Let d be v(4). Let f = d - 7. Let b be f/(-9) + 6/27. Calculate the greatest common divisor of b and 5.
1
Let q = -334 - -526. Calculate the highest common divisor of q and 24.
24
Let x(j) = -3*j - 3. Let l(y) = 39*y + 39. Let o(f) = -2*l(f) - 27*x(f). Let c be o(-3). Let u = 0 - c. Calculate the greatest common divisor of 3 and u.
3
Suppose -7*t + 336 = -504. What is the greatest common divisor of 80 and t?
40
Let r(z) = z**3 + 2*z**2 - 4*z + 5. Let i be r(-4). Let b = i + 7. Let s be -2*(0 - (-50)/b). Calculate the greatest common divisor of 5 and s.
5
Suppose -o + 12 = 3*o. Let a(c) = -2*c**2 - c + 0*c**3 - 4*c**3 - c**2 + 5*c**o - 2. Let m be a(4). What is the greatest common divisor of 2 and m?
2
Let g = 6 - 4. Suppose -2*i = f - 176, 2*i = g*f + 193 - 17. What is the greatest common factor of i and 8?
8
Suppose 34 = s - 2. Let d(y) = y**3 + 2*y - 3. Let x be d(2). Calculate the greatest common factor of x and s.
9
Let s be (-5)/(-15) - 24/(-9). Let q be 1 - 21/s*-9. Calculate the greatest common divisor of q and 8.
8
Let b = 55 + 35. Calculate the greatest common divisor of 36 and b.
18
Suppose 2*g = -g - 6. Let s = 2 - g. Suppose -2*z = 2*d, d - 25 = -0*z + s*z. Calculate the highest common factor of d and 35.
5
Let g = 259 + -121. What is the highest common divisor of g and 46?
46
Let w = 5 - 2. Suppose w*q - 80 = 250. What is the greatest common divisor of q and 10?
10
Let v(z) = 2*z**2 + 3*z + 2. Let m be (-3 + 0)*6/9. Let q be v(m). Calculate the highest common divisor of 12 and q.
4
Let w = -3 + 9. Let n = 8 - 6. What is the greatest common factor of w and n?
2
Let i be ((-48)/(-15))/(4/10). Suppose -5*l + 2*z - 86 = z, 12 = -3*z. Let t = 42 + l. What is the greatest common divisor of t and i?
8
Let w be (-6)/33 - (-404)/44. What is the greatest common divisor of 99 and w?
9
Suppose -2*d + 6*d - 99 = -p, 5*p - 495 = -5*d. Let y = p - 32. Suppose 4*j + 0*u = -u + 217, j - y = 4*u. What is the highest common factor of 5 and j?
5
Suppose 5*k - 79 = 91. Let m = 61 - k. Calculate the greatest common divisor of 9 and m.
9
Suppose -3*j + 2*t + 70 = -2*t, 4*j = 2*t + 100. Let c = -14 + j. Calculate the highest common divisor of 60 and c.
12
Suppose 5*t = -x + 17, 0 = -3*x + x - t + 34. Suppose p = -3*p - 36. Let r = x + p. Calculate the greatest common factor of r and 88.
8
Let m = 72 + -20. Calculate the greatest common divisor of m and 78.
26
Let r be ((-4)/(-6))/(2/(-12)). Let j(d) = 2*d**2 + 2*d - 5. Let o be j(r). What is the highest common factor of 171 and o?
19
Let l(z) = -7*z + 11. Let v be l(-12). Let q be (51/(-3) + -2)/(-1). Calculate the greatest common divisor of q and v.
19
Suppose 0 = 2*q - 2*p - 66, -5*q + 2*q + 123 = 5*p. Calculate the highest common factor of 24 and q.
12
Let w be (-4)/3*-9 + -2. Suppose -4*u + 35 = z, -u + 12 = -0*z - 3*z. Let m = 1 + u. Calculate the highest common factor of w and m.
10
Let x be (4/5)/((-2)/(-20)). Let u = -4 + 8. Suppose 0*t + 256 = u*t. What is the highest common divisor of t and x?
8
Let d be 6/9 + 2*(-34)/(-6). What is the highest common divisor of 16 and d?
4
Suppose -2*a + 150 = 4*l, -2*l = 3*a - a - 70. Calculate the greatest common factor of l and 16.
8
Let j(q) = -q + 1. Let i be j(-7). Suppose 2*y = 7*y - 20. Let x(m) = 7*m + 4. Let p be x(y). Calculate the greatest common divisor of i and p.
8
Let u = 36 - 24. What is the greatest common divisor of u and 36?
12
Let g = 4 + 0. Let s be (2/(-4))/((-2)/g). Suppose -4*j = -f - 13, -3*j - 4*f + 27 = 3. What is the highest common divisor of s and j?
1
Let v(q) = 6*q + 51. Let y be v(19). What is the highest common divisor of y and 15?
15
Let r = 1 - 1. Suppose b = -r*b + 110. Suppose -4*q + 3*z = -43, 0 = -3*q + 3*z - 8*z + 25. What is the highest common factor of b and q?
10
Let d(k) = -7*k**2 + 10*k - 5. Let h(z) = -15*z**2 + 21*z - 11. Let v(g) = -13*d(g) + 6*h(g). Let w be v(5). What is the highest common factor of w and 24?
4
Suppose -5*h = -3*i + 5*i - 32, 0 = -3*h - 12. Let c(t) = -3*t - 1. Let a be c(-9). What is the highest common divisor of a and i?
26
Let b = -29 - -109. Suppose -4*s + 42 = 3*r, 3*r - 9 = 3*s + 12. Calculate the greatest common factor of r and b.
10
Suppose 3*c - 4 = -13, b + 5*c + 5 = 0. Let a = -13 - 2. Let m = -5 - a. What is the highest common divisor of b and m?
10
Let s = -383 - -658. Calculate the greatest common divisor of 25 and s.
25
Let i = 25 + -17. What is the greatest common divisor of i and 8?
8
Let c = 242 - 143. What is the greatest common divisor of 11 and c?
11
Let a(f) = -4*f**3 + 2*f**2 - 1. Let z be 1 + -1*2 + 0. Let c be a(z). Suppose -2*w + 7 + c = 0. Calculate the highest common factor of w and 2.
2
Let p be (463/2 - -1) + (-1)/2. What is the highest common divisor of p and 58?
58
Suppose -4*p + 165 = 3*b, -5*b + 98 = 2*p + 19. Calculate the highest common factor of p and 14.
14
Let y be 24/((-10)/(-4) + -2). Let t = 50 + -36. Suppose -3*v = -c + 2*v - t, 0 = -3*c - v + 22. Calculate the greatest common factor of y and c.
6
Let o = -50 - -78. Calculate the highest common factor of o and 70.
14
Let j(l) = -l**3 - 5*l**2 - 4*l - 8. Let n be j(-5). What is the greatest common divisor of n and 24?
12
Let a(x) = 5*x - 1. Let b be a(1). Suppose c = 2*z + b - 3, c + 5 = 0. Let h be z/((-14)/8 - -1). Calculate the highest common factor of 4 and h.
4
Let v = -17 - 9. Let k be (-6)/39 - (-282)/v. Let t be (-3 - k)*16 - 0. Calculate the greatest common factor of 16 and t.
16
Let o(s) = -s + 10. Let d be o(8). Suppose -i + 4 = d. Suppose -i*z = -z - 6. What is the greatest common factor of 2 and z?
2
Let x be -1 + (-2 - -166) + 1. Suppose -2*q + x = -5*w, 5*w - 138 = -3*q + 133. Suppose -5*y + 567 = q. Calculate the highest common factor of y and 12.
12
Let f = 5 - -1. Let w be 856/6 - (-2)/f. Calculate the highest common factor of w and 13.
13
Let